v = 5*h + 607. Suppose -2*k = -3*z + 26 - 103, 0 = -3*k - 2*z + v. Let p = -24 + k. List the prime factors of p.
2, 11
Let o(d) = 36*d - 6. Let z be o(6). Suppose -3*s - 3*n = -6*s + z, s + 4*n - 75 = 0. List the prime factors of s.
71
What are the prime factors of (-25)/15*(-318 - -9)?
5, 103
Let n(l) be the first derivative of -l**2/2 - 6*l - 7. Let f be n(-10). Suppose 0 = -0*s + f*s - 172. What are the prime factors of s?
43
Let j(m) = 2*m**2 - 5 + 3*m - 2*m**2 - m**2 + 6*m. Let b be j(8). List the prime factors of 556/16 + b/(-4).
2, 17
Let c = -96 + 104. Let g(d) = -8*d + d**2 + 2 + 0*d**2 + 1. What are the prime factors of g(c)?
3
Suppose -k + 6*k - 1435 = 0. List the prime factors of k.
7, 41
Let j = 9 - 3. Suppose -11*l = -j*l - 145. List the prime factors of l.
29
Let g(v) = v**2 + v - 3. Let a(l) be the third derivative of -l**4/12 - l**3/2 + 5*l**2. Let k be a(0). List the prime factors of g(k).
3
Let t = -2728 - -4748. List the prime factors of t.
2, 5, 101
Let b(a) = a**2 + a - 17. Let l be b(-5). Suppose 4*q - 32 = -4*s, s + l = 5. Suppose 5*k = q*k - 19. List the prime factors of k.
19
Let v be (114/8*-1)/((-3)/48). Let d = v - 119. What are the prime factors of d?
109
Suppose 15*d + 1742 = 3*f + 19*d, -2*d - 2 = 0. What are the prime factors of f?
2, 3, 97
Suppose -3*a + 4*k + 710 = 2*a, -2*a = -4*k - 296. Let h(w) = -12*w - 5. Let z be h(7). Let t = z + a. List the prime factors of t.
7
What are the prime factors of ((-1834)/42)/((-2)/24)?
2, 131
Let d(j) = 3*j - 15. Let x be d(6). Suppose 0 = -4*n - x*p + 190, 3*n - n + 4*p - 100 = 0. What are the prime factors of n?
2, 23
Let y(a) = a**3 - 5*a**2 + 6*a - 7. Let b(u) = u**3 - 6*u**2 + 6*u - 6. Let i(p) = -5*b(p) + 4*y(p). What are the prime factors of i(7)?
107
Let f(s) = -3*s**2 - 18*s + 7. Let y be f(-6). Suppose y*q - 4*q - 4*w - 596 = 0, -5*w = -5*q + 985. List the prime factors of q.
2, 3
Let y be 308/6 + 2/3. Let h = y - 40. List the prime factors of h.
2, 3
Suppose 2279 - 13143 = -8*s. What are the prime factors of s?
2, 7, 97
Suppose -3*h + 5*h = 1562. List the prime factors of h.
11, 71
Let m(r) = -r**2 + 42*r - 28. List the prime factors of m(20).
2, 103
Let y = 636 + -234. List the prime factors of y.
2, 3, 67
Let o(b) = -b**2 + 2*b + 2. Let s be o(2). Suppose -5*f - 4*u = -s*u - 84, 0 = -5*f - 3*u + 81. List the prime factors of f.
2, 3
Let q = 1 + -5. Suppose 4*k - 1 = -3*g, -5*g + 0*g + 19 = -2*k. List the prime factors of (-1)/k + (-82)/q.
3, 7
Let j(a) = 3*a**3 - 4*a**2 + 8*a + 16. What are the prime factors of j(7)?
5, 181
Suppose 0*v + 7*v - 1344 = 0. Suppose v = -15*h + 21*h. List the prime factors of h.
2
Suppose 0 = 3*k - 26*k + 40618. List the prime factors of k.
2, 883
Suppose 2*u = -m - 3*m + 1530, 4*m - 1518 = 2*u. What are the prime factors of m?
3, 127
Let o = 3 + -54. Let q = o + 85. List the prime factors of q.
2, 17
Let c(m) = -4*m**3 - 12*m**2 + 3*m + 3. Suppose -16*o + 11*o - 25 = 0. What are the prime factors of c(o)?
2, 47
Suppose 11 - 8 = -3*u, y - 3*u - 43 = 0. What are the prime factors of y?
2, 5
Let r = 64 + -76. Let v(x) = -15*x + 32. What are the prime factors of v(r)?
2, 53
Suppose 57*i - 60*i = t - 1019, -3*i = 2*t - 2032. What are the prime factors of t?
1013
Suppose 4*l + 46 + 26 = 0. Let p = -48 - l. List the prime factors of 2/(-10) - 1206/p.
2, 5
Suppose -y + 4*o + 8 = 0, -5*y - 8 = -0*o - 4*o. What are the prime factors of (-2115)/(-18) - 6/y?
7, 17
Let b = -71 - -110. Let c(x) = -x**3 + 4*x**2 + 16*x - 22. Let p be c(6). Suppose l - b = -o - o, -p*o + 3*l = -43. List the prime factors of o.
2, 5
Let u be (1/1)/((-3)/(-3)). Suppose u - 7 = -2*d. Suppose -f + 36 = f + d*a, -4*f = -a - 58. What are the prime factors of f?
3, 5
List the prime factors of (-5055)/(-6)*(56/(-10) - -6).
337
Let f(l) = -l**3 - 6*l**2 + l + 14. Let p be f(-6). Suppose p*o - 3*o - q - 77 = 0, -4*o = 5*q - 79. List the prime factors of o.
2
Let x(b) = -19*b - 8 + 34*b - 11*b. Suppose -2*m - 16 = -2*p, 3*p - 2*m - 20 = 3*m. List the prime factors of x(p).
2
Let q be 3*1/2*2. Suppose -2*l = -q*l - 10. List the prime factors of 10/(-25) - 344/l.
2, 17
Let p = -9 + 14. Suppose k + 10 = p*o + 2*k, -5*k - 34 = -3*o. Suppose -8 = -c + 4*x, 0 = o*c - 3*x - x - 40. List the prime factors of c.
2
Suppose -x - 3*q = 2*q - 25, -2*x = -3*q + 2. Suppose 0 = 2*h - 4*h - x*p + 499, 3*p = -4*h + 991. What are the prime factors of h?
13, 19
Let j(w) = 6*w**3 + 8*w**2 - w - 59. List the prime factors of j(6).
7, 31
Suppose 5*v = -5*w, -3*w + 3*v + 7 = -23. Suppose 3 = -q + w. What are the prime factors of q?
2
Let j(d) = 0*d + 4*d + 0 - 7 + 2 + 15*d**2 + 3. Let p be (-1 + -1)/(3/3). What are the prime factors of j(p)?
2, 5
Let w = 0 - 1. List the prime factors of 1*90 + w + 5.
2, 47
Suppose 0 = l - d - 0*d, 5*l + 3*d + 24 = 0. Let x be -16*l/3 - 3. Suppose -18*o + x*o = -240. What are the prime factors of o?
2, 3
Suppose 2*n + 4*s - 225 = -s, -3*n + s + 295 = 0. List the prime factors of n.
2, 5
Suppose 568 = 14*p - 9*p - 3*w, 0 = -4*p + 4*w + 456. What are the prime factors of p?
113
Let a(h) = h**3 + 4*h**2 - h - 3. Let o be a(-4). What are the prime factors of o*2/(8/604)?
151
Suppose 8*m = 6*m + 10. Suppose -4*t = l + 4*l - 267, m*t = 3*l - 138. What are the prime factors of l?
3, 17
Suppose -41*d + 17631 = -204. What are the prime factors of d?
3, 5, 29
Suppose 0 = a + 3*c - 40, -a - c = -3*a + 101. Suppose -a = -8*z - 9. What are the prime factors of z?
5
Suppose -t = -0*t - 236. Let x = -168 + t. List the prime factors of x.
2, 17
Suppose 2*h + 0 = -5*k - 4, -h = -4*k + 2. List the prime factors of (-4 - 1 - h) + 50.
47
Let u(n) = 140*n**3 - n**2 - 5*n + 11. List the prime factors of u(2).
1117
Let m be -3 - 0*(4 + -3). Let c = 9 + m. Let y(j) = j**2 - 5*j. What are the prime factors of y(c)?
2, 3
Let q = 10 - -4. Suppose 5*r - 1 = q. Suppose 0 = r*n - 17 - 7. What are the prime factors of n?
2
Let v(g) be the first derivative of -2*g**2 - 10*g + 1. Let l be 14/4*(-1 + -1). List the prime factors of v(l).
2, 3
What are the prime factors of 5 - (-186 - 14/7)?
193
Suppose 386 = -198*g + 200*g. List the prime factors of g.
193
Let r(g) = 4*g**2 + 2*g + 1. Let f be r(2). Let a(s) = s**2 - 1 + f*s**3 + 2*s**3 + s**2. What are the prime factors of a(1)?
2, 3
Let n be -3*(-1)/6*22. Suppose -p + 0*p = -y + n, -3*y + 23 = -p. What are the prime factors of (141/y)/(1/2)?
47
Suppose -3*o - 2 = -2*h, o + 0*o = 2. What are the prime factors of (35 - 1)*(-3 + h)?
2, 17
Let x = -10 + 14. Suppose 5*w = -3*l - 25, 3*w + w = x*l - 20. Let k(y) = y**2 + y - 6. List the prime factors of k(w).
2, 7
Suppose -2*p - a + 835 = 0, -4*p + p + 1250 = 4*a. What are the prime factors of p?
2, 11, 19
Let f(g) = -g**2 + 11*g + 5. Let p be f(5). Suppose 1808 = -27*d + p*d. What are the prime factors of d?
2, 113
What are the prime factors of (-3132)/(-28) + 1/7?
2, 7
Let d(l) = -31*l - 149. List the prime factors of d(-14).
3, 5, 19
Let d(s) = -s**2 + 7*s - 4. Let a be d(6). Let m = 3 + a. Suppose 5*t - 4*l - 119 = 0, 3*t + m*l = -t + 87. What are the prime factors of t?
23
Let v be (-6)/(-45) + 42760/(-75). List the prime factors of 15/13 + -1 + v/(-13).
2, 11
Let g be (56/70)/(1/(-10)). Let c(t) = t**3 + 3*t**2 - 4*t + 3. Let v be c(-4). List the prime factors of ((-4)/v)/(g/156).
2, 13
Suppose -5*v + 1157 = 3*t, -3*v - 3*t = -2*v - 229. Suppose s + v = 3*s. What are the prime factors of s?
2, 29
Let a(q) be the second derivative of -q**3/2 - 13*q**2/2 + 3*q. Let t be a(-9). Let j = t + -10. List the prime factors of j.
2
Let m be ((-152)/(8/(-4)))/(-1). Suppose 156 = -0*i - 4*i. Let s = i - m. What are the prime factors of s?
37
Let b(s) = s**3 + s**2 - 10*s + 4. Let f = -53 - -58. List the prime factors of b(f).
2, 13
List the prime factors of (-7749)/(-27) - (-7 + 2 + -1).
293
Let w = -298 + 309. What are the prime factors of w?
11
Suppose -15*s + 4708 = -4*s. List the prime factors of s.
2, 107
Let s(r) = r**3 - 9*r**2 - 8*r - 8. Suppose 5*t - 4*c + 2 = 56, -2*c - 12 = -t. Let g be s(t). Suppose -4*p + 68 = -g. List the prime factors of p.
2, 5
Suppose 0 = 15*w - 17*w - 2*d + 9610, d + 9607 = 2*w. What are the prime factors of w?
2, 1201
Suppose -2*b - 4*r - 2 = 0, 5*r + 3 - 4 = -3*b. Su